ds digit of 17092605?
0
What is the tens digit of 283751?
5
What is the thousands digit of 5006643?
6
What is the millions digit of 2232264?
2
What is the hundred thousands digit of 1181057?
1
What is the thousands digit of 2891541?
1
What is the ten thousands digit of 7798916?
9
What is the thousands digit of 26704?
6
What is the units digit of 19810433?
3
What is the tens digit of 2282807?
0
What is the millions digit of 13867587?
3
What is the ten thousands digit of 1588569?
8
What is the units digit of 1323605?
5
What is the hundred thousands digit of 4152593?
1
What is the thousands digit of 1674744?
4
What is the ten thousands digit of 3931907?
3
What is the thousands digit of 1459240?
9
What is the hundreds digit of 29391181?
1
What is the hundreds digit of 2856204?
2
What is the tens digit of 137558?
5
What is the units digit of 2267287?
7
What is the units digit of 921355?
5
What is the ten thousands digit of 4534235?
3
What is the thousands digit of 2177542?
7
What is the tens digit of 8460?
6
What is the thousands digit of 19610884?
0
What is the millions digit of 7428276?
7
What is the thousands digit of 383280?
3
What is the millions digit of 1073329?
1
What is the hundreds digit of 232737?
7
What is the thousands digit of 384434?
4
What is the thousands digit of 9226216?
6
What is the thousands digit of 38205?
8
What is the hundred thousands digit of 5533922?
5
What is the thousands digit of 148674?
8
What is the hundred thousands digit of 1198698?
1
What is the hundreds digit of 19631211?
2
What is the thousands digit of 815358?
5
What is the units digit of 215233?
3
What is the ten thousands digit of 531612?
3
What is the units digit of 18625776?
6
What is the hundreds digit of 8718166?
1
What is the hundred thousands digit of 8784227?
7
What is the tens digit of 3116255?
5
What is the tens digit of 2167607?
0
What is the hundred thousands digit of 916438?
9
What is the units digit of 5447969?
9
What is the hundred thousands digit of 772601?
7
What is the tens digit of 551258?
5
What is the hundreds digit of 1429847?
8
What is the hundreds digit of 1072157?
1
What is the hundreds digit of 476456?
4
What is the tens digit of 6272598?
9
What is the hundred thousands digit of 33239015?
2
What is the hundred thousands digit of 243974?
2
What is the thousands digit of 27629324?
9
What is the millions digit of 14555053?
4
What is the thousands digit of 452054?
2
What is the hundreds digit of 1065505?
5
What is the tens digit of 199738?
3
What is the units digit of 650421?
1
What is the ten thousands digit of 335429?
3
What is the tens digit of 25586?
8
What is the millions digit of 2706344?
2
What is the tens digit of 30277253?
5
What is the millions digit of 8692205?
8
What is the hundreds digit of 9533?
5
What is the units digit of 1313271?
1
What is the ten thousands digit of 1449782?
4
What is the units digit of 190731?
1
What is the hundred thousands digit of 5213769?
2
What is the thousands digit of 776836?
6
What is the tens digit of 6581874?
7
What is the hundreds digit of 19601024?
0
What is the ten thousands digit of 602462?
0
What is the ten thousands digit of 2035724?
3
What is the units digit of 437552?
2
What is the units digit of 8218?
8
What is the thousands digit of 5487846?
7
What is the hundreds digit of 22593161?
1
What is the thousands digit of 565343?
5
What is the tens digit of 24372602?
0
What is the ten thousands digit of 909622?
0
What is the ten thousands digit of 965740?
6
What is the ten thousands digit of 7075420?
7
What is the thousands digit of 8700538?
0
What is the thousands digit of 176970?
6
What is the ten millions digit of 31506508?
3
What is the hundred thousands digit of 351691?
3
What is the units digit of 3130780?
0
What is the ten thousands digit of 3858370?
5
What is the ten thousands digit of 114296?
1
What is the hundreds digit of 4926920?
9
What is the thousands digit of 8259236?
9
What is the units digit of 11081177?
7
What is the units digit of 57520?
0
What is the thousands digit of 181795?
1
What is the units digit of 26181785?
5
What is the units digit of 399880?
0
What is the units digit of 1851570?
0
What is the units digit of 219517?
7
What is the hundred thousands digit of 2626047?
6
What is the hundred thousands digit of 121639?
1
What is the units digit of 4545354?
4
What is the ten thousands digit of 182062?
8
What is the hundreds digit of 2681296?
2
What is the hundreds digit of 3566219?
2
What is the tens digit of 869587?
8
What is the thousands digit of 2836126?
6
What is the hundred thousands digit of 683176?
6
What is the tens digit of 40937?
3
What is the millions digit of 23415394?
3
What is the ten thousands digit of 935129?
3
What is the units digit of 1027457?
7
What is the millions digit of 1281990?
1
What is the tens digit of 1558845?
4
What is the ten thousands digit of 286929?
8
What is the units digit of 153807?
7
What is the hundreds digit of 4899142?
1
What is the units digit of 2652365?
5
What is the hundreds digit of 112419?
4
What is the ten thousands digit of 12103286?
0
What is the hundred thousands digit of 10326512?
3
What is the thousands digit of 173338?
3
What is the tens digit of 10236010?
1
What is the ten thousands digit of 240095?
4
What is the units digit of 1167429?
9
What is the hundreds digit of 11649220?
2
What is the tens digit of 2399208?
0
What is the tens digit of 13238548?
4
What is the thousands digit of 3766985?
6
What is the hundreds digit of 433505?
5
What is the thousands digit of 63559?
3
What is the ten thousands digit of 225657?
2
What is the thousands digit of 3335866?
5
What is the tens digit of 1575466?
6
What is the thousands digit of 2241179?
1
What is the tens digit of 188481?
8
What is the units digit of 981517?
7
What is the thousands digit of 8186997?
6
What is the tens digit of 880996?
9
What is the hundreds digit of 3357197?
1
What is the hundreds digit of 20085289?
2
What is the ten thousands digit of 44295598?
9
What is the hundred thousands digit of 203818?
2
What is the millions digit of 35405582?
5
What is the ten thousands digit of 1591947?
9
What is the ten thousands digit of 224883?
2
What is the tens digit of 21166685?
8
What is the ten thousands digit of 2723658?
2
What is the hundred thousands digit of 656191?
6
What is the hundreds digit of 2340111?
1
What is the ten thousands digit of 550419?
5
What is the ten thousands digit of 411240?
1
What is the units digit of 27762198?
8
What is the hundreds digit of 260688?
6
What is the hundreds digit of 890741?
7
What is the hundreds digit of 3862792?
7
What is the hundreds digit of 2887142?
1
What is the thousands digit of 1123715?
3
What is the thousands digit of 425156?
5
What is the millions digit of 19115207?
9
What is the hundreds digit of 312753?
7
What is the thousands digit of 247358?
7
What is the hundreds digit of 1425564?
5
What is the thousands digit of 13275208?
5
What is the hundred thousands digit of 5821485?
8
What is the ten thousands digit of 1001270?
0
What is the units digit of 305232?
2
What is the thousands digit of 773494?
3
What is the ten thousands digit of 912954?
1
What is the tens digit of 7443?
4
What is the units digit of 6625834?
4
What is the units digit of 75898?
8
What is the tens digit of 6938445?
4
What is the thousands digit of 50251?
0
What is the thousands digit of 6400182?
0
What is the tens digit of 3933127?
2
What is the tens digit of 2297477?
7
What is the thousands digit of 570703?
0
What is the millions digit of 8524015?
8
What is the units digit of 144663?
3
What is the tens digit of 356999?
9
What is the hundred thousands digit of 1849031?
8
What is the units digit of 215128?
8
What is the hundreds digit of 6086764?
7
What is the hundreds digit of 170572?
5
What is the thousands digit of 49578?
9
What is the thousands digit of 578669?
8
What is the units digit of 869579?
9
What is the units digit of 302650?
0
What is the hundred thousands digit of 1276055?
2
What is the ten thousands digit of 3314093?
1
What is the millions digit of 1203988?
1
What is the tens digit of 618072?
7
What is the thousands digit of 1229397?
9
What is the hundred thousands digit of 17135049?
1
What is the hundred thousands digit of 5